3 + 1 + 5*a - 4*a. Let n(x) = -2*x - 7. Suppose 3*k - 4*k - 6 = 0. Let y be n(k). Calculate m(y).
6
Let n(u) = -5*u**3 + 9*u**2 + 2*u - 6. Let g(i) = -4*i**3 + 9*i**2 + 3*i - 5. Let p(a) = -6*g(a) + 5*n(a). What is p(-8)?
0
Let a(y) be the first derivative of 3*y**2 - y - 60. Determine a(-1).
-7
Let u(c) = -118 + 118 - 15*c. Give u(1).
-15
Suppose 3*d - 33 = -5*j - 12, 7 = 2*d + j. Suppose 2*r - 7*r + 37 = 4*u, u + d*r = 13. Let p(b) = -u + 3 + 5 - 3 - 2*b. What is p(4)?
-6
Let i(l) = -l**2 + 3*l + 2. Let u be i(3). Let o be ((-8)/(-24))/(u/36). Let y(f) = -f**3 + 7*f**2 - 7*f + 3. What is y(o)?
-3
Let i(o) = -o**2 + 4*o - 1. Suppose -2*y + y + 2 = 0. Suppose 10 = 2*t, -4*s - t + 31 = y*t. Let n be (-4)/(-16) - (-19)/s. What is i(n)?
-6
Let u(c) = 4 + 0*c - 7*c**2 + 5 - 5*c. Let s(g) = -4*g**2 - 2*g + 5. Let h(m) = -5*s(m) + 3*u(m). Let r be (3/2)/((-6)/16). Calculate h(r).
6
Let b be 1*-2*1/2. Let i(y) = 0 - 6*y + 7*y + 1. Let n(a) = a**2 + 7*a + 1. Let p(v) = b*n(v) + 4*i(v). Determine p(-3).
3
Let f(v) = -v**2 + 2*v + 2. Suppose -2*h = -w - 3, 2 = -w + 3*w + 4*h. Let d = -3 - w. Give f(d).
-6
Let g(t) be the third derivative of -t**8/20160 - t**7/840 - t**6/720 - 3*t**5/20 - 5*t**2. Let b(f) be the third derivative of g(f). Give b(-5).
4
Suppose 6*i + 2 = -10. Let z be 1/2 + (-81)/(-6). Let g be z/4 - i/(-4). Let d(c) = -2*c**2 + 3*c + 2. Determine d(g).
-7
Let y(l) be the first derivative of 2*l**3 - 11*l**2/2 + 11*l + 1. Let a(c) = c**2 - c + 1. Let o(w) = 5*a(w) - y(w). Calculate o(4).
2
Let q be 26/7 + (-4)/(-14). Suppose 2*h = -q*g + 3*h, g = -4*h. Suppose -4*m = 2*r, g*m - 4*m - 12 = -4*r. Let o(t) = t**3 + 2*t**2 - 1. Give o(m).
0
Let k be 5 + (9/63 - 6/(-7)). Let r(o) = o**3 - 4*o**2 + 5*o - 3*o**2 + o + 5. What is r(k)?
5
Let k(v) = v**3 + v**2 - 6*v - 3. Let j(t) = -2*t**3 - t**2 + 11*t + 6. Let p(h) = 4*j(h) + 7*k(h). Calculate p(4).
-5
Let n(u) = -2*u + 60. Let r be n(31). Let y(s) = -s**2 - 3*s - 3. Determine y(r).
-1
Let r(b) = -b**2 - 5*b. Let n be r(-3). Suppose 6 + 1 = -c + 3*q, -2*c = 2*q - 10. Let u(m) = 1 + 3 + c - 2*m. What is u(n)?
-6
Let c(j) = j**3 + 3*j**2 - 4*j - 2. Let m be 15/(-6) + (-6)/4. Give c(m).
-2
Let h = 4 - 4. Suppose h = -q + 8 - 5. Let o(l) = -l**3 + 3*l**2 + l + 2. Calculate o(q).
5
Let b(c) be the second derivative of c**3/6 - 2*c. Suppose -2*l + 3 = -5*l + 4*f, 0 = 3*l - f - 6. Calculate b(l).
3
Let x = 7 - 4. Let s = x - 1. Suppose 5*n - n - 2*b - 10 = 0, s*n = -4*b. Let a(m) = 2*m**3 - 2*m**2 - 2. Calculate a(n).
6
Suppose -3*s + 1 = -4*s. Let f(r) = -2*r**2 + r. Let k be f(s). Let o(j) = -j**3 - 5*j**2 - 3*j + 3. Give o(k).
-6
Let i(q) = -q - 7. Let f be i(-10). Let b(d) = d**2 - 4*d + 3. Determine b(f).
0
Let j(g) = g. Suppose -21 + 6 = 3*n. Let z(m) = m**2 - 9*m + 4. Let u(a) = n*j(a) - z(a). Suppose 4*i = -0*i + 16. Give u(i).
-4
Let c(j) = -j**3 - 5*j**2 - j. Let r = 7 + -12. What is c(r)?
5
Let o(w) = w + 4. Let r(k) = 3*k - 5. Let j be r(0). Give o(j).
-1
Let n(h) = h**2 - 6*h**2 - 3*h**2 + 5 - 2*h - 6. Let f = 1 - 2. Determine n(f).
-7
Let d be (10 - 0)/(2 + 0). Let w(p) be the first derivative of p**4/12 - p**3 + 3*p**2 + 3*p - 2. Let u(f) be the first derivative of w(f). Calculate u(d).
1
Suppose -4*q + 15 = 7. Suppose -5*i = q*d - 6 - 5, -21 = -5*i + 3*d. Suppose 8 - 5 = -i*k. Let w(t) = t**3 - 2*t**2 + 1. What is w(k)?
-2
Let v(d) = d**3 + d**2 - d. Let s(x) = -3*x**3 - 6*x**2 - 1. Let q(g) = s(g) + 4*v(g). Let o be (-2)/2*1*-3. Calculate q(o).
-4
Let s(c) be the second derivative of -c**5/20 - c**4/6 + c**3/6 + c**2 + c. Suppose 5*m - 12 = m. Suppose -4*g - 11 + m = 0. Give s(g).
0
Let p(v) = v**2 - v + 2. Let s be -2 + (-3 - -4) + 1. Let c be p(s). Let g(w) be the first derivative of -w**2/2 + w - 1. What is g(c)?
-1
Suppose 24 = 5*t - 16. Let d(q) = -q + 2. Calculate d(t).
-6
Let h be 48/27 - 2/(-9). Let f(i) = 7*i**2 - 1 - i + h*i - 2*i + 0*i. Calculate f(-1).
7
Let o = -80 + 82. Let q(h) = -3*h + 1. Give q(o).
-5
Let f be 2/(-8) - (-26)/8. Suppose 0 = 3*p - 4*p + 2. Let i(j) = 2*j + p - 5 + 4. Give i(f).
7
Let w(y) = y - 5. Let c = -48 - -56. Determine w(c).
3
Let z(x) = x**3 - 2*x - 1. Let k be z(-2). Let i(t) be the first derivative of -t**2/2 - t + 2. Calculate i(k).
4
Let b(m) = -m + 1. Suppose -p - 6 = p. Calculate b(p).
4
Suppose 6*k - 2*k - 16 = c, -8 = -3*c - 2*k. Suppose -5*s = -c*s - 20. Suppose -g = s*t + 5, -4*t - 4*g = 15 + 5. Let i(u) = u**3 - u**2 + u + 1. Give i(t).
1
Let g = -2 - 3. Suppose 13 = -m - 2*x, -m + 3*x + 18 = -2*m. Let b(r) = -2*r**2 + 2*r + 1. Let o(i) = i**2 - 3*i - 2. Let w(f) = m*o(f) - 2*b(f). What is w(g)?
4
Suppose 8 = 3*p - p. Suppose p = -b + 5. Let n(x) = 3*x + 1 - 4*x - 3*x**2 + 5*x**2. What is n(b)?
2
Let w(b) = 2*b + 7. Let d be 18/(-8) - 3/(-12). Let q(j) = j + 3. Let z(r) = d*w(r) + 5*q(r). Calculate z(-4).
-3
Let o = -13 + 11. Let w(x) = -2*x**2 + x - 1. Determine w(o).
-11
Let y be (-2)/6 + 15/40. Let d(v) be the third derivative of 0 - y*v**4 + 1/120*v**6 + 1/60*v**5 + 2/3*v**3 + 0*v - 2*v**2. What is d(0)?
4
Suppose 0 = -o - 2*c + 7, -2*c + 35 = 6*o - o. Let g(z) be the second derivative of -z**5/20 + 7*z**4/12 - z**3/6 + 4*z**2 + 2*z. Give g(o).
1
Let m = -6 + 7. Suppose m + 1 = -2*d. Let z(p) = -5*p - 1. Give z(d).
4
Let y be 0/(-2 + (-3)/(-3)). Let j = y + 2. Let l(r) = -j*r - 3*r - r - 1. Calculate l(1).
-7
Let h(m) = -m - 5. Let g = -8 + 13. Suppose -15 = -g*z - 0*z. Let q be z*(3 + 39/(-9)). Determine h(q).
-1
Suppose -6*q - 14 = -3*z - 2*q, q + 6 = z. Suppose 2*m - z = 4*m. Let t(g) = g. Determine t(m).
-5
Let r(k) = 2*k + 1. Let j be -2*3/(-8)*1*-4. Calculate r(j).
-5
Let f = -11 - -7. Let v(s) = s**2 - 3*s + 2. Let r(q) = 2*q**2 - 2*q + 3. Let b be 9/(-6)*4/3. Let o(l) = b*r(l) + 3*v(l). Calculate o(f).
4
Suppose 3*h - 1 - 5 = 0. Let t be (12/(-10))/(h/5). Let a(d) = d**2 + 2*d - 3. Determine a(t).
0
Let d(l) = l**2 - 5*l + 2. Let b = -9 + 4. Let q = b + 9. What is d(q)?
-2
Let p(h) = -h**3 - h**2 + h + 4. Let k(n) = n**2 - 1. Let b(i) = -3*k(i) - p(i). Determine b(2).
-3
Suppose z = -2*z. Suppose -s + c + 8 = 2*s, 2*c - 28 = -5*s. Let i(v) = -3*v - 3*v**3 - 5 + v + s*v**3 + v**2 + v. Calculate i(z).
-5
Let h(x) be the second derivative of -5*x**4/12 - x**3/6 - x**2 + 27*x. Calculate h(-2).
-20
Let d(q) = -4*q**3 - 12*q**2 - 7*q + 15. Let t(m) = -11*m**3 - 36*m**2 - 22*m + 44. Let w(z) = 8*d(z) - 3*t(z). Let j be w(-11). Let h(b) = -b. Calculate h(j).
1
Let n(w) = 4*w**3 + 8*w**2 - 9*w - 1. Let g(z) = -7*z**3 - 15*z**2 + 17*z + 3. Let y(f) = 3*g(f) + 5*n(f). Calculate y(-6).
4
Let b(y) = y**3 + 4*y**2 + 3*y. Let i(q) = q**2 + 10*q - 4. Let k be i(-11). Suppose -5*a + 4*n - 11 = k, -5*a - 5*n = 0. Give b(a).
2
Let g(q) = -q**2 + 4*q - 5. Let f = -20 - -12. Let a = -4 - f. Give g(a).
-5
Suppose -3*q + 28 = 34. Let v(g) = 7*g**3 - 7*g**2 - 13*g - 6. Let o(m) = 11*m**3 - 11*m**2 - 20*m - 9. Let x(b) = -5*o(b) + 8*v(b). Calculate x(q).
-7
Suppose l - p + 5 = 0, -l + 2*p - 17 = 2*l. Let o(h) = -h**3 - 7*h**2 + h + 10. What is o(l)?
3
Let v(f) = -f**3 - 4*f**2 - 4*f - 2. Suppose -6*p + 8*p = -6. Calculate v(p).
1
Let v(z) be the second derivative of z**4/12 + 4*z**3/3 - 4*z**2 + 4*z. Determine v(-9).
1
Let t(b) = 13 + 0*b**3 + 3*b**3 + 6*b - 4*b**2 - 6 - 4*b**3. Calculate t(-5).
2
Let p = -4 + 0. Let w(b) = b**3 - b**2 - b. Let k(z) = -7*z**3 + 3*z**2 + 11*z - 3. Let c(g) = -k(g) - 6*w(g). Calculate c(p).
7
Let f(o) = o - 6. Let h(k) be the third derivative of k**4/24 - 2*k**3 - k**2. Let p(j) = -5*f(j) + 3*h(j). Determine p(-4).
2
Let p(o) = o**2 + 2*o + 1. Let s be p(3). Suppose -3*i = i - s. Let v(y) = -i*y**2 - 3*y**2 + 0*y**2. Determine v(1).
-7
Let j(s) = 5*s - 1. Let g be (2/3)/((-5)/(-15)). Suppose 4*m - g*w = 6, w - 3 + 1 = -3*m. Give j(m).
4
Let k(u) = -5*u**3 + 6*u**2 + 20*u + 26. Suppose f = -0*f + 2. Let m(v) = -v**3 + v**2 + 4*v + 5. Let o(i) = f*k(i) - 11*m(i). Give o(-2).
1
Let u(m) be the first derivative of m**5/20 - m**4/3 + m**3/3 - m**2/2 - 6*m - 4. Let q(b) be the first derivative of u(b). Give q(3).
-4
Let n(h) = h - 1. Suppose -x = 4*x. Suppose x*j - 2*j = 5*v - 22, -4*j = 2*v - 12. Give n(j).
0
Let x(n) be the first derivative of 2 + 0*n - 1/2*n**2 + 2/3*n**3. What is x(2)?
6
Let l(c) be the first deri